{"id":6,"date":"2016-08-10T08:50:57","date_gmt":"2016-08-10T08:50:57","guid":{"rendered":"https:\/\/avadawebsites.wpengine.com\/charity\/?page_id=6"},"modified":"2025-06-08T17:58:35","modified_gmt":"2025-06-08T15:58:35","slug":"mission","status":"publish","type":"page","link":"https:\/\/ecchellensis.org\/index.php\/mission\/","title":{"rendered":"Notre Mission"},"content":{"rendered":"<div class=\"fusion-fullwidth fullwidth-box fusion-builder-row-1 fusion-flex-container hundred-percent-fullwidth non-hundred-percent-height-scrolling\" style=\"--awb-background-position:left top;--awb-border-sizes-top:0px;--awb-border-sizes-bottom:0px;--awb-border-sizes-left:0px;--awb-border-sizes-right:0px;--awb-border-radius-top-left:0px;--awb-border-radius-top-right:0px;--awb-border-radius-bottom-right:0px;--awb-border-radius-bottom-left:0px;--awb-padding-top:0px;--awb-padding-right:0px;--awb-padding-bottom:0px;--awb-padding-left:0px;--awb-flex-wrap:wrap;\" ><div class=\"fusion-builder-row fusion-row fusion-flex-align-items-stretch fusion-flex-content-wrap\" style=\"width:104% !important;max-width:104% !important;margin-left: calc(-4% \/ 2 );margin-right: calc(-4% \/ 2 );\"><div class=\"fusion-layout-column fusion_builder_column fusion-builder-column-0 fusion_builder_column_1_1 1_1 fusion-flex-column\" style=\"--awb-padding-top:20px;--awb-padding-right:10%;--awb-padding-bottom:20px;--awb-padding-left:10%;--awb-bg-blend:overlay;--awb-bg-size:cover;--awb-width-large:100%;--awb-margin-top-large:0px;--awb-spacing-right-large:1.92%;--awb-margin-bottom-large:0px;--awb-spacing-left-large:1.92%;--awb-width-medium:100%;--awb-order-medium:0;--awb-spacing-right-medium:1.92%;--awb-spacing-left-medium:1.92%;--awb-width-small:100%;--awb-order-small:0;--awb-spacing-right-small:1.92%;--awb-spacing-left-small:1.92%;\" data-scroll-devices=\"small-visibility,medium-visibility,large-visibility\"><div class=\"fusion-column-wrapper fusion-column-has-shadow fusion-flex-justify-content-flex-start fusion-content-layout-column\"><div class=\"fusion-title title fusion-title-1 fusion-sep-none fusion-title-text fusion-title-size-two\"><h2 class=\"fusion-title-heading title-heading-left\" style=\"margin:0;text-transform:uppercase;line-height:1;\"><h1>Notre mission<\/h1><\/h2><\/div><div class=\"fusion-separator\" style=\"align-self: flex-start;margin-right:auto;margin-top:0px;margin-bottom:40px;width:100%;max-width:300px;\"><div class=\"fusion-separator-border sep-single sep-solid\" style=\"--awb-height:20px;--awb-amount:20px;--awb-sep-color:var(--awb-color4);border-color:var(--awb-color4);border-top-width:3px;\"><\/div><\/div><div class=\"fusion-text fusion-text-1\"><p><strong>L\u2019Association des Amis d\u2019Abraham Ecchellensis<\/strong> a pour but de promouvoir et d\u2019organiser la c\u00e9l\u00e9bration de l\u2019anniversaire des 400 ans de la naissance d\u2019Abraham ECCHELLENSIS en 2005 (1605-2005), de faire conna\u00eetre ses pens\u00e9es, ses \u0153uvres et surtout son r\u00f4le de passerelle culturelle entre l\u2019Occident et l\u2019Orient. De m\u00eame, elle vise \u00e0 porter \u00e0 la connaissance du public fran\u00e7ais et libanais en particulier, son r\u00f4le de catalyseur de dialogue entre les civilisations, les cultures et les Peuples.<\/p>\n<p>L\u2019Association pr\u00f4ne le d\u00e9veloppement des jumelages et des \u00e9changes culturels, scientifiques, et sportifs entre la France et le Liban et \u0153uvre \u00e0 la consolidation et \u00e0 l\u2019\u00e9panouissement de la Francophonie au Liban et ailleurs.<\/p>\n<p>L\u2019association a pour objet \u00e9galement de promouvoir et de d\u00e9velopper l\u2019\u00e9ducation des jeunes.<\/p>\n<p>Pour atteindre ses objectifs, l\u2019Association pourra notamment organiser des \u00e9v\u00e8nements et manifestations culturels, p\u00e9dagogiques, sportifs, etc\u2026\u00a0 et r\u00e9colter des fonds.<\/p>\n<\/div><div class=\"fusion-separator fusion-full-width-sep fusion-hide-on-mobile\" style=\"align-self: center;margin-left: auto;margin-right: auto;margin-top:50px;width:100%;\"><\/div><\/div><\/div><\/div><\/div>\n","protected":false},"excerpt":{"rendered":"","protected":false},"author":1,"featured_media":0,"parent":0,"menu_order":0,"comment_status":"closed","ping_status":"closed","template":"100-width.php","meta":{"footnotes":""},"class_list":["post-6","page","type-page","status-publish","hentry"],"_links":{"self":[{"href":"https:\/\/ecchellensis.org\/index.php\/wp-json\/wp\/v2\/pages\/6","targetHints":{"allow":["GET"]}}],"collection":[{"href":"https:\/\/ecchellensis.org\/index.php\/wp-json\/wp\/v2\/pages"}],"about":[{"href":"https:\/\/ecchellensis.org\/index.php\/wp-json\/wp\/v2\/types\/page"}],"author":[{"embeddable":true,"href":"https:\/\/ecchellensis.org\/index.php\/wp-json\/wp\/v2\/users\/1"}],"replies":[{"embeddable":true,"href":"https:\/\/ecchellensis.org\/index.php\/wp-json\/wp\/v2\/comments?post=6"}],"version-history":[{"count":9,"href":"https:\/\/ecchellensis.org\/index.php\/wp-json\/wp\/v2\/pages\/6\/revisions"}],"predecessor-version":[{"id":5220,"href":"https:\/\/ecchellensis.org\/index.php\/wp-json\/wp\/v2\/pages\/6\/revisions\/5220"}],"wp:attachment":[{"href":"https:\/\/ecchellensis.org\/index.php\/wp-json\/wp\/v2\/media?parent=6"}],"curies":[{"name":"wp","href":"https:\/\/api.w.org\/{rel}","templated":true}]}}